?
True
Is 26268213 a multiple of 164?
False
Is 42101442 a multiple of 18?
True
Is 23 a factor of 77112054?
True
Is 7268805 a multiple of 2?
False
Is 833 a factor of 188686625?
False
Is 4031860455 a multiple of 2961?
True
Does 58 divide 246877454?
False
Does 507 divide 1004733241?
False
Is 14 a factor of 18818254?
True
Is 96125513 a multiple of 1195?
False
Is 9 a factor of 349180?
False
Is 556031974 a multiple of 9?
False
Is 143 a factor of 827352949?
False
Is 8 a factor of 43021704?
True
Is 9037062 a multiple of 54?
True
Is 2049006574 a multiple of 93?
False
Is 74709359 a multiple of 246?
False
Is 970637318 a multiple of 7?
True
Is 185 a factor of 1601577?
False
Is 776 a factor of 52218725?
False
Is 6 a factor of 203982?
True
Does 399 divide 2613450?
True
Is 64 a factor of 17751744?
True
Is 141798104 a multiple of 484?
False
Does 14 divide 13898948?
True
Is 34 a factor of 255261120?
True
Is 1411 a factor of 72130320?
True
Is 99 a factor of 69416622?
True
Does 168 divide 25230599?
False
Is 15 a factor of 84312795?
True
Does 38 divide 256054240?
False
Does 1529 divide 56875069?
False
Is 24 a factor of 184076064?
True
Is 34531347 a multiple of 410?
False
Is 3677 a factor of 1533198690?
True
Is 576 a factor of 294813880?
False
Is 329 a factor of 87470752?
False
Is 463 a factor of 330744050?
True
Is 284 a factor of 217359400?
True
Does 7 divide 6154549?
False
Is 40725743 a multiple of 14?
False
Does 401 divide 49156986?
True
Does 49 divide 806913455?
False
Is 144299967 a multiple of 8?
False
Is 4 a factor of 65377499?
False
Is 1088842215 a multiple of 95?
True
Is 144 a factor of 3002431992?
False
Is 101 a factor of 48387383?
True
Does 31 divide 147997088?
False
Does 8 divide 771744?
True
Is 9 a factor of 49454649?
True
Does 191 divide 15824741?
False
Is 81 a factor of 1188322674?
False
Does 153 divide 101256777?
True
Does 1875 divide 84966965?
False
Is 52 a factor of 1863508816?
True
Is 73 a factor of 18475314?
False
Does 134 divide 524885250?
False
Is 32 a factor of 5358268512?
True
Is 538 a factor of 584600484?
True
Is 631775923 a multiple of 66?
False
Does 21 divide 177665889?
False
Does 13 divide 47318432?
False
Is 13740462 a multiple of 4801?
True
Is 22378104 a multiple of 36?
True
Is 45 a factor of 10390590?
True
Is 72590388 a multiple of 39?
True
Is 1424470212 a multiple of 1782?
True
Does 2921 divide 193589275?
True
Is 59376179 a multiple of 3?
False
Is 1102 a factor of 188020648?
False
Does 192 divide 462351360?
True
Does 242 divide 1724732025?
False
Does 2325 divide 296899377?
False
Is 2612190534 a multiple of 8?
False
Is 116925600 a multiple of 2580?
True
Is 104997482 a multiple of 218?
False
Does 437 divide 21038455?
False
Is 53 a factor of 276616894?
False
Is 507302587 a multiple of 765?
False
Does 64 divide 989031744?
True
Is 79 a factor of 2414634948?
False
Does 10 divide 4737390?
True
Does 315 divide 327105112?
False
Is 238655025 a multiple of 35?
True
Is 4114424898 a multiple of 3025?
False
Is 5011221300 a multiple of 12?
True
Is 4010686312 a multiple of 45?
False
Is 132 a factor of 89536920?
True
Does 11 divide 3831886?
False
Is 2973780 a multiple of 3?
True
Is 74735325 a multiple of 21?
True
Is 123159666 a multiple of 335?
False
Does 1287 divide 377318799?
True
Is 67641366 a multiple of 6?
True
Is 50511045 a multiple of 431?
True
Does 310 divide 45372220?
True
Is 9 a factor of 395035969?
False
Is 101942591 a multiple of 17?
True
Is 183 a factor of 235785618?
True
Does 129 divide 98058344?
False
Does 3 divide 28104129?
True
Is 458 a factor of 320003749?
False
Is 845 a factor of 36035385?
False
Is 31 a factor of 26163665?
False
Does 31 divide 7335455?
False
Is 509 a factor of 310434991?
False
Is 27526638 a multiple of 21?
False
Is 11 a factor of 257312652?
False
Is 82505856 a multiple of 62?
False
Is 456790152 a multiple of 6?
True
Is 29343104 a multiple of 636?
False
Is 247759227 a multiple of 291?
False
Does 313 divide 444953601?
True
Is 2407818 a multiple of 29?
False
Is 15 a factor of 31327380?
True
Does 488 divide 1826584?
True
Does 9 divide 46861601?
False
Does 17 divide 634808033?
True
Is 171 a factor of 148389867?
True
Is 20 a factor of 51357562?
False
Is 1753642905 a multiple of 8265?
True
Does 336 divide 32592000?
True
Is 3123599 a multiple of 58?
False
Does 16 divide 1825842?
False
Is 2 a factor of 17123847?
False
Is 213 a factor of 18231522?
True
Is 125504527 a multiple of 30?
False
Is 2 a factor of 1223611?
False
Is 235089285 a multiple of 751?
True
Does 9 divide 86258521?
False
Is 373 a factor of 40793115?
False
Does 9 divide 142361003?
False
Is 364 a factor of 13584802?
False
Is 132 a factor of 19156282?
False
Is 230639615 a multiple of 1818?
False
Is 259185501 a multiple of 884?
False
Is 101169989 a multiple of 109?
False
Is 49906920 a multiple of 84?
True
Is 7 a factor of 1988000?
True
Is 68055582 a multiple of 14?
True
Does 20 divide 1826434120?
True
Is 625132086 a multiple of 18?
False
Is 663 a factor of 7127537?
False
Is 3777 a factor of 71453286?
True
Is 3 a factor of 602070456?
True
Is 1506 a factor of 4624926?
True
Is 139373 a multiple of 2?
False
Is 318 a factor of 74719069?
False
Is 168 a factor of 16345399?
False
Does 242 divide 3286602?
True
Is 1096 a factor of 48899182?
False
Does 48 divide 319388400?
True
Is 705411487 a multiple of 60?
False
Is 7 a factor of 32965688?
True
Is 51841092 a multiple of 102?
True
Is 16 a factor of 1596536?
False
Is 25 a factor of 111016638?
False
Does 26 divide 48503390?
True
Is 353228543 a multiple of 2758?
False
Is 2989 a factor of 45865606?
False
Does 4 divide 134743948?
True
Is 341950568 a multiple of 188?
True
Is 6 a factor of 34578134?
False
Is 51738918 a multiple of 42?
True
Is 10 a factor of 369611?
False
Does 318 divide 308028506?
False
Is 11 a factor of 353205248?
True
Is 1114 a factor of 287916642?
True
Does 4130 divide 481555929?
False
Is 75 a factor of 103482150?
True
Is 12004687 a multiple of 2?
False
Is 17 a factor of 855661856?
False
Does 188 divide 2573989592?
True
Is 238 a factor of 58033480?
False
Does 298 divide 365094410?
False
Is 96 a factor of 912351127?
False
Is 4 a factor of 10070646?
False
Does 883 divide 47062397?
False
Is 225076069 a multiple of 1872?
False
Does 2273 divide 1427507644?
True
Does 66 divide 13607663?
False
Is 22 a factor of 83662987?
False
Is 9992934 a multiple of 63?
True
Does 379 divide 29581242?
False
Is 39 a factor of 47878237?
False
Is 304152000 a multiple of 1824?
True
Is 54282046 a multiple of 707?
True
Is 566 a factor of 1943312324?
True
Does 81 divide 274724946?
True
Is 188 a factor of 24464816?
True
Is 100326202 a multiple of 3244?
False
Is 75098485 a multiple of 9?
False
Does 20 divide 505636104?
False
Is 7491572 a multiple of 222?
False
Is 72086796 a multiple of 12?
True
Does 164 divide 6149925?
False
Is 232436907 a multiple of 22?
False
Does 5 divide 694740005?
True
Is 10 a factor of 192413990?
True
Is 1187 a factor of 175755529?
True
Does 364 divide 77329832?
False
Is 2706 a factor of 1227612717?
False
Is 1687160786 a multiple of 94?
True
Is 15708168 a multiple of 756?
True
Is 1645 a factor of 89427629?
False
Is 20732720 a multiple of 45?
False
Is 436 a factor of 93868578?
False
Does 1282 divide 229431848?
True
Is 23527446 a multiple of 182?
False
Does 295 divide 245116639?
False
Does 2609 divide 89045170?
True
Is 260913107 a multiple of 697?
False
Is 928066301 a multiple of 20?
False
Is 7 a factor of 20574385?
False
Is 157859008 a multiple of 32?
True
Is 2442796766 a multiple of 1123?
True
Is 99114466 a multiple of 41?
True
Does 644 divide 1920191616?
True
Is 9 a factor of 13655147?
False
Does 1908 divide 913115376?
True
Is 294 a factor of 45722465?
False
Does 41 divide 5496360206?
True
Does 437 divide 132638253?
False
Is 215 a factor of 199950?
True
Does 246 divide 871062138?
True
Is 11222768 a multiple of 268?
True
Is 999506987 a multiple of 15?
False
Does 46 divide 49200358?
True
Is 44377569 a multiple of 67?
False
Is 618377418 a multiple of 4707?
True
Does 23 divide 23820594?
True
Is 158934201 a multiple of 2337?
False
Is 274 a factor of 481641216?
False
Does 46 divide 24193683?
False
Does 553 divide 325081603?
True
Is 135734976 a multiple of 1248?
True
Is 288 a factor of 40699872?
True
Does 539 divide 110975